site?
False
Is 22181 prime?
False
Is 10517 a composite number?
True
Is 31907 prime?
True
Is 327421 a prime number?
True
Is 66419 a prime number?
False
Is 597923 a composite number?
False
Is 470149 prime?
True
Is 16001 a composite number?
False
Is 5557 a prime number?
True
Is 68371 prime?
True
Is 2579 a composite number?
False
Is 39531 a composite number?
True
Is 103855 a composite number?
True
Is 55243 prime?
True
Is 33359 a composite number?
False
Is 964573 prime?
False
Is 971087 prime?
False
Is 1619 a prime number?
True
Is 61987 composite?
False
Is 623 prime?
False
Is 3593617 a prime number?
True
Is 485077 a prime number?
False
Is 246817 a prime number?
True
Is 1931 a composite number?
False
Is 42037 a composite number?
True
Is 596653 prime?
True
Is 435907 a composite number?
False
Is 95561 prime?
True
Is 22283 a prime number?
True
Is 3106 a composite number?
True
Is 208019 a composite number?
True
Is 24781 composite?
False
Is 747781 a prime number?
True
Is 11699 prime?
True
Is 24261 composite?
True
Is 2653 a composite number?
True
Is 498011 composite?
True
Is 9199 a prime number?
True
Is 21 composite?
True
Is 1402681 composite?
True
Is 109579 composite?
False
Is 3389 composite?
False
Is 279185 a prime number?
False
Is 12497 a composite number?
False
Is 105122 a prime number?
False
Is 23755 a prime number?
False
Is 18349 prime?
False
Is 46327 a prime number?
True
Is 32863 composite?
True
Is 9299 a prime number?
False
Is 762529 a composite number?
False
Is 13661 composite?
True
Is 112459 prime?
True
Is 114783 composite?
True
Is 17521 a prime number?
False
Is 57881 a prime number?
True
Is 192197 a prime number?
False
Is 26149 composite?
True
Is 360127 a prime number?
False
Is 212501 prime?
True
Is 287447 prime?
False
Is 1107179 prime?
False
Is 26627 a prime number?
True
Is 1618667 a composite number?
True
Is 211157 a composite number?
True
Is 102761 a prime number?
True
Is 82385 prime?
False
Is 16823 a prime number?
True
Is 3671461 composite?
False
Is 602347 composite?
True
Is 61837 a prime number?
True
Is 10123 composite?
True
Is 82235 a composite number?
True
Is 12227 a prime number?
True
Is 294211 prime?
True
Is 27179 prime?
True
Is 13153 a composite number?
True
Is 15095 a prime number?
False
Is 97213 a prime number?
True
Is 8321 composite?
True
Is 3259 prime?
True
Is 116483 a composite number?
False
Is 765899 a composite number?
False
Is 563231 composite?
True
Is 17585 a prime number?
False
Is 32647 prime?
True
Is 2741 a composite number?
False
Is 395671 a prime number?
True
Is 14503 composite?
False
Is 257 composite?
False
Is 174019 a prime number?
True
Is 101399 composite?
False
Is 1112501 prime?
False
Is 10291 composite?
True
Is 58937 a prime number?
True
Is 1036067 a composite number?
False
Is 44381 composite?
False
Is 6510101 a composite number?
True
Is 27893 a prime number?
True
Is 99861 a prime number?
False
Is 116149 prime?
False
Is 1388507 composite?
True
Is 277009 a composite number?
True
Is 63355 a composite number?
True
Is 350869 prime?
True
Is 115629 prime?
False
Is 5437 composite?
False
Is 61261 a composite number?
False
Is 62547 a prime number?
False
Is 183227 a prime number?
False
Is 335165 prime?
False
Is 53707 a composite number?
True
Is 2500919 prime?
True
Is 18949 composite?
True
Is 2339 a prime number?
True
Is 68963 composite?
False
Is 132817 a prime number?
True
Is 225109 a prime number?
True
Is 51329 a prime number?
True
Is 33673 a prime number?
False
Is 40187 composite?
True
Is 1367 composite?
False
Is 313919 composite?
True
Is 353317 prime?
True
Is 6779 a prime number?
True
Is 55129 prime?
False
Is 6449 a composite number?
False
Is 106 a composite number?
True
Is 2333 a prime number?
True
Is 2899 composite?
True
Is 41101 composite?
True
Is 21011 composite?
False
Is 2172641 composite?
False
Is 102533 a composite number?
False
Is 89353 a prime number?
False
Is 7633 prime?
False
Is 9127 a composite number?
False
Is 17722 prime?
False
Is 329143 a prime number?
True
Is 129323 a composite number?
True
Is 50647 prime?
True
Is 703291 prime?
False
Is 33911 a prime number?
True
Is 22613 a composite number?
False
Is 360713 a prime number?
False
Is 64187 a prime number?
True
Is 2237731 a composite number?
True
Is 429211 prime?
True
Is 371 composite?
True
Is 2161 a prime number?
True
Is 85341 composite?
True
Is 4637 prime?
True
Is 24407 a composite number?
False
Is 12451 a composite number?
False
Is 329941 composite?
False
Is 70309 a prime number?
True
Is 2935 prime?
False
Is 2420969 composite?
False
Is 1275913 a composite number?
True
Is 711521 prime?
False
Is 24749 a prime number?
True
Is 33703 a composite number?
False
Is 141709 composite?
False
Is 424123 a prime number?
False
Is 13027 a composite number?
True
Is 161087 prime?
True
Is 79783 composite?
True
Is 518361 prime?
False
Is 110761 composite?
True
Is 115151 a prime number?
True
Is 14591 a prime number?
True
Is 7039 prime?
True
Is 24469 composite?
False
Is 25719 a prime number?
False
Is 486407 composite?
False
Is 256541 a prime number?
True
Is 27161 prime?
False
Is 889681 composite?
True
Is 13427 prime?
False
Is 24133 prime?
True
Is 751261 a composite number?
True
Is 112121 a composite number?
False
Is 4259 composite?
False
Is 99073 a composite number?
True
Is 10949 a composite number?
False
Is 336961 composite?
False
Is 9931 a prime number?
True
Is 356729 a composite number?
True
Is 252179 a composite number?
True
Is 24593 a prime number?
True
Is 70823 composite?
False
Is 56371 prime?
False
Is 13553 prime?
True
Is 233851 composite?
False
Is 8681 prime?
True
Is 933473 a composite number?
True
Is 275617 a prime number?
False
Is 9733 a composite number?
False
Is 3989443 composite?
True
Is 81271 a prime number?
False
Is 11429 a prime number?
False
Is 189421 composite?
False
Is 59803 prime?
False
Is 833507 composite?
True
Is 1873387 composite?
True
Is 109357 composite?
False
Is 355297 a prime number?
True
Is 215398 prime?
False
Is 22147 a composite number?
False
Is 3421 a prime number?
False
Is 3589 prime?
False
Is 686789 a composite number?
False
Is 863 prime?
True
Is 4408561 composite?
False
Is 11003 composite?
False
Is 109885 a prime number?
False
Is 47903 a composite number?
False
Is 55957 composite?
True
Is 22871 prime?
True
Is 1551677 prime?
True
Is 73993 a prime number?
False
Is 4181 a composite number?
True
Is 25733 a composite number?
False
Is 156899 a composite number?
False
Is 494987 composite?
False
Is 1162337 a composite number?
True
Is 10033 a composite number?
True
Is 215399 prime?
True
Is 4931 a composite number?
False
Is 46589 composite?
False
Is 114581 a prime number?
False
Is 21117 a prime number?
False
Is 5188091 prime?
True
Is 4111 prime?
True
Is 166319 a composite number?
False
Is 3151 composite?
True
Is 4559 prime?
False
Is 2333 a composite number?
False
Is 10577 composite?
True
Is 973 composite?
True
Is 1057853 a prime number?
True
Is 547613 a prime number?
False
Is 20051 composite?
False
Is 352813 prime?
True
Is 164077 composite?
True
Is 48687 composite?
True
Is 7909 a prime number?
False
Is 24761 a composite number?
True
Is 89371 a prime number?
True
Is 21961 a prime number?
True
Is 244217 prime?
True
Is 855805 composite?
True
Is 282197 a composite number?
True
Is 395503 prime?
False
Is 2915921 a composite number?
True
Is 194563 prime?
False
Is 82311 composite?
True
Is 21381 a composite number?
True
Is 23801 composite?
False
Is 211739 a composite number?
True
Is 30539 a composite number?
False
Is 299053 a prime number?
True
Is 583294 a composite number?
True
Is 50341 composite?
False
Is 218453 prime?
True
Is 10559 a composite number?
False
Is 67603 a composite number?
True
Is 3691 a composite number?
False
Is 1357903 a prime number?
False
Is 1024783 composite?
False
Is 3947 a prime number?
True
Is 48017 a prime number?
True
Is 13961 composite?
True
Is 2427251 a prime number?
False
Is 1464898 a prime number?
False
Is 445 a composite number?
True
Is 187 prime?
False
Is 7069 composite?
False
Is 30563 prime?
False
Is 12514 composite?
True
Is 68233 a prime number?
False
Is 90491 a prime number?
False
Is 122527 prime?
True
Is 47989 a composite number?
True
Is 4939985 a composite number?
True
Is 66623 prime?
False
Is 31687 a composite number?
False